{"id":1832,"date":"2023-04-27T14:21:48","date_gmt":"2023-04-27T14:21:48","guid":{"rendered":"https:\/\/www.ocal.com.uy\/ocalsa\/?page_id=1832"},"modified":"2023-04-28T12:45:30","modified_gmt":"2023-04-28T12:45:30","slug":"ventas","status":"publish","type":"page","link":"https:\/\/www.ocal.com.uy\/ocalsa\/ventas\/","title":{"rendered":"Ventas"},"content":{"rendered":"\t\t<div data-elementor-type=\"wp-page\" data-elementor-id=\"1832\" class=\"elementor elementor-1832\" data-elementor-post-type=\"page\">\n\t\t\t\t\t\t<section class=\"elementor-section elementor-top-section elementor-element elementor-element-4007dfa7 elementor-section-boxed elementor-section-height-default elementor-section-height-default\" data-id=\"4007dfa7\" data-element_type=\"section\" data-settings=\"{&quot;background_background&quot;:&quot;classic&quot;}\">\n\t\t\t\t\t\t<div class=\"elementor-container elementor-column-gap-default\">\n\t\t\t\t\t<div class=\"elementor-column elementor-col-100 elementor-top-column elementor-element elementor-element-4f09f0de\" data-id=\"4f09f0de\" data-element_type=\"column\">\n\t\t\t<div class=\"elementor-widget-wrap elementor-element-populated\">\n\t\t\t\t\t\t<div class=\"elementor-element elementor-element-52c79c0 elementor-widget elementor-widget-heading\" data-id=\"52c79c0\" data-element_type=\"widget\" data-widget_type=\"heading.default\">\n\t\t\t\t<div class=\"elementor-widget-container\">\n\t\t\t<h1 class=\"elementor-heading-title elementor-size-default\">VENTAS<\/h1>\t\t<\/div>\n\t\t\t\t<\/div>\n\t\t\t\t<div class=\"elementor-element elementor-element-30fe52b elementor-widget elementor-widget-text-editor\" data-id=\"30fe52b\" data-element_type=\"widget\" data-widget_type=\"text-editor.default\">\n\t\t\t\t<div class=\"elementor-widget-container\">\n\t\t\t\t\t\t\t<p>Unidades de Dise\u00f1o Exclusivo, Fraccionamientos, Terrenos<\/p>\t\t\t\t\t\t<\/div>\n\t\t\t\t<\/div>\n\t\t\t\t\t<\/div>\n\t\t<\/div>\n\t\t\t\t\t<\/div>\n\t\t<\/section>\n\t\t\t\t<section class=\"elementor-section elementor-top-section elementor-element elementor-element-8c15ad5 elementor-section-boxed elementor-section-height-default elementor-section-height-default\" data-id=\"8c15ad5\" data-element_type=\"section\">\n\t\t\t\t\t\t<div class=\"elementor-container elementor-column-gap-default\">\n\t\t\t\t\t<div class=\"elementor-column elementor-col-50 elementor-top-column elementor-element elementor-element-4d47a30\" data-id=\"4d47a30\" data-element_type=\"column\">\n\t\t\t<div class=\"elementor-widget-wrap elementor-element-populated\">\n\t\t\t\t\t\t<div class=\"elementor-element elementor-element-2632767 animated-slow elementor-invisible elementor-widget elementor-widget-heading\" data-id=\"2632767\" data-element_type=\"widget\" data-settings=\"{&quot;_animation&quot;:&quot;fadeIn&quot;}\" data-widget_type=\"heading.default\">\n\t\t\t\t<div class=\"elementor-widget-container\">\n\t\t\t<h2 class=\"elementor-heading-title elementor-size-default\">CONDOMINIO<\/h2>\t\t<\/div>\n\t\t\t\t<\/div>\n\t\t\t\t<div class=\"elementor-element elementor-element-2e1f3f2 animated-slow elementor-invisible elementor-widget elementor-widget-heading\" data-id=\"2e1f3f2\" data-element_type=\"widget\" data-settings=\"{&quot;_animation&quot;:&quot;fadeIn&quot;}\" data-widget_type=\"heading.default\">\n\t\t\t\t<div class=\"elementor-widget-container\">\n\t\t\t<h2 class=\"elementor-heading-title elementor-size-default\">I+O Living<\/h2>\t\t<\/div>\n\t\t\t\t<\/div>\n\t\t\t\t<div class=\"elementor-element elementor-element-696e198 animated-slow elementor-invisible elementor-widget elementor-widget-heading\" data-id=\"696e198\" data-element_type=\"widget\" data-settings=\"{&quot;_animation&quot;:&quot;fadeIn&quot;}\" data-widget_type=\"heading.default\">\n\t\t\t\t<div class=\"elementor-widget-container\">\n\t\t\t<h2 class=\"elementor-heading-title elementor-size-default\">Un nuevo concepto:<br> Inside Out Living<\/h2>\t\t<\/div>\n\t\t\t\t<\/div>\n\t\t\t\t<div class=\"elementor-element elementor-element-ee005d7 elementor-align-center elementor-widget elementor-widget-button\" data-id=\"ee005d7\" data-element_type=\"widget\" data-widget_type=\"button.default\">\n\t\t\t\t<div class=\"elementor-widget-container\">\n\t\t\t\t\t<div class=\"elementor-button-wrapper\">\n\t\t\t<a class=\"elementor-button elementor-button-link elementor-size-sm\" href=\"\/ocalsa\/living\">\n\t\t\t\t\t\t<span class=\"elementor-button-content-wrapper\">\n\t\t\t\t\t\t\t\t\t<span class=\"elementor-button-text\">M\u00e1s Info<\/span>\n\t\t\t\t\t<\/span>\n\t\t\t\t\t<\/a>\n\t\t<\/div>\n\t\t\t\t<\/div>\n\t\t\t\t<\/div>\n\t\t\t\t\t<\/div>\n\t\t<\/div>\n\t\t\t\t<div class=\"elementor-column elementor-col-50 elementor-top-column elementor-element elementor-element-df98f93\" data-id=\"df98f93\" data-element_type=\"column\">\n\t\t\t<div class=\"elementor-widget-wrap elementor-element-populated\">\n\t\t\t\t\t\t<div class=\"elementor-element elementor-element-d5708e7 elementor-widget elementor-widget-image\" data-id=\"d5708e7\" data-element_type=\"widget\" data-widget_type=\"image.default\">\n\t\t\t\t<div class=\"elementor-widget-container\">\n\t\t\t\t\t\t\t\t\t\t\t\t\t<img fetchpriority=\"high\" decoding=\"async\" width=\"800\" height=\"600\" src=\"https:\/\/www.ocal.com.uy\/ocalsa\/wp-content\/uploads\/2023\/04\/Living-o-1024x768.jpg\" class=\"attachment-large size-large wp-image-1790\" alt=\"\" srcset=\"https:\/\/www.ocal.com.uy\/ocalsa\/wp-content\/uploads\/2023\/04\/Living-o-1024x768.jpg 1024w, https:\/\/www.ocal.com.uy\/ocalsa\/wp-content\/uploads\/2023\/04\/Living-o-300x225.jpg 300w, https:\/\/www.ocal.com.uy\/ocalsa\/wp-content\/uploads\/2023\/04\/Living-o-768x576.jpg 768w, https:\/\/www.ocal.com.uy\/ocalsa\/wp-content\/uploads\/2023\/04\/Living-o.jpg 1200w\" sizes=\"(max-width: 800px) 100vw, 800px\" \/>\t\t\t\t\t\t\t\t\t\t\t\t\t<\/div>\n\t\t\t\t<\/div>\n\t\t\t\t\t<\/div>\n\t\t<\/div>\n\t\t\t\t\t<\/div>\n\t\t<\/section>\n\t\t\t\t<section class=\"elementor-section elementor-top-section elementor-element elementor-element-f1d74a7 elementor-section-boxed elementor-section-height-default elementor-section-height-default\" data-id=\"f1d74a7\" data-element_type=\"section\" data-settings=\"{&quot;background_background&quot;:&quot;classic&quot;}\">\n\t\t\t\t\t\t<div class=\"elementor-container elementor-column-gap-default\">\n\t\t\t\t\t<div class=\"elementor-column elementor-col-50 elementor-top-column elementor-element elementor-element-3d95911\" data-id=\"3d95911\" data-element_type=\"column\">\n\t\t\t<div class=\"elementor-widget-wrap elementor-element-populated\">\n\t\t\t\t\t\t<div class=\"elementor-element elementor-element-dbf43ee elementor-widget elementor-widget-image\" data-id=\"dbf43ee\" data-element_type=\"widget\" data-widget_type=\"image.default\">\n\t\t\t\t<div class=\"elementor-widget-container\">\n\t\t\t\t\t\t\t\t\t\t\t\t\t<img decoding=\"async\" width=\"800\" height=\"480\" data-src=\"https:\/\/www.ocal.com.uy\/ocalsa\/wp-content\/uploads\/2023\/04\/Lejos-Ombues-1024x614.jpg\" class=\"attachment-large size-large wp-image-1882 lazyload\" alt=\"\" data-srcset=\"https:\/\/www.ocal.com.uy\/ocalsa\/wp-content\/uploads\/2023\/04\/Lejos-Ombues-1024x614.jpg 1024w, https:\/\/www.ocal.com.uy\/ocalsa\/wp-content\/uploads\/2023\/04\/Lejos-Ombues-300x180.jpg 300w, https:\/\/www.ocal.com.uy\/ocalsa\/wp-content\/uploads\/2023\/04\/Lejos-Ombues-768x461.jpg 768w, https:\/\/www.ocal.com.uy\/ocalsa\/wp-content\/uploads\/2023\/04\/Lejos-Ombues.jpg 1525w\" data-sizes=\"(max-width: 800px) 100vw, 800px\" src=\"data:image\/gif;base64,R0lGODlhAQABAAAAACH5BAEKAAEALAAAAAABAAEAAAICTAEAOw==\" style=\"--smush-placeholder-width: 800px; --smush-placeholder-aspect-ratio: 800\/480;\" \/><noscript><img decoding=\"async\" width=\"800\" height=\"480\" src=\"https:\/\/www.ocal.com.uy\/ocalsa\/wp-content\/uploads\/2023\/04\/Lejos-Ombues-1024x614.jpg\" class=\"attachment-large size-large wp-image-1882\" alt=\"\" srcset=\"https:\/\/www.ocal.com.uy\/ocalsa\/wp-content\/uploads\/2023\/04\/Lejos-Ombues-1024x614.jpg 1024w, https:\/\/www.ocal.com.uy\/ocalsa\/wp-content\/uploads\/2023\/04\/Lejos-Ombues-300x180.jpg 300w, https:\/\/www.ocal.com.uy\/ocalsa\/wp-content\/uploads\/2023\/04\/Lejos-Ombues-768x461.jpg 768w, https:\/\/www.ocal.com.uy\/ocalsa\/wp-content\/uploads\/2023\/04\/Lejos-Ombues.jpg 1525w\" sizes=\"(max-width: 800px) 100vw, 800px\" \/><\/noscript>\t\t\t\t\t\t\t\t\t\t\t\t\t<\/div>\n\t\t\t\t<\/div>\n\t\t\t\t\t<\/div>\n\t\t<\/div>\n\t\t\t\t<div class=\"elementor-column elementor-col-50 elementor-top-column elementor-element elementor-element-74c318d\" data-id=\"74c318d\" data-element_type=\"column\">\n\t\t\t<div class=\"elementor-widget-wrap elementor-element-populated\">\n\t\t\t\t\t\t<div class=\"elementor-element elementor-element-4c0c2f9 animated-slow elementor-invisible elementor-widget elementor-widget-heading\" data-id=\"4c0c2f9\" data-element_type=\"widget\" data-settings=\"{&quot;_animation&quot;:&quot;fadeIn&quot;}\" data-widget_type=\"heading.default\">\n\t\t\t\t<div class=\"elementor-widget-container\">\n\t\t\t<h2 class=\"elementor-heading-title elementor-size-default\">FRACCIONAMIENTO<\/h2>\t\t<\/div>\n\t\t\t\t<\/div>\n\t\t\t\t<div class=\"elementor-element elementor-element-d697c5d animated-slow elementor-invisible elementor-widget elementor-widget-heading\" data-id=\"d697c5d\" data-element_type=\"widget\" data-settings=\"{&quot;_animation&quot;:&quot;fadeIn&quot;}\" data-widget_type=\"heading.default\">\n\t\t\t\t<div class=\"elementor-widget-container\">\n\t\t\t<h2 class=\"elementor-heading-title elementor-size-default\">Omb\u00faes de Lavalle<\/h2>\t\t<\/div>\n\t\t\t\t<\/div>\n\t\t\t\t<div class=\"elementor-element elementor-element-22fac37 animated-slow elementor-invisible elementor-widget elementor-widget-heading\" data-id=\"22fac37\" data-element_type=\"widget\" data-settings=\"{&quot;_animation&quot;:&quot;fadeIn&quot;}\" data-widget_type=\"heading.default\">\n\t\t\t\t<div class=\"elementor-widget-container\">\n\t\t\t<h2 class=\"elementor-heading-title elementor-size-default\">Terrenos  de m\u00e1s de 460 m2 <br>y 12 metros de frente.<\/h2>\t\t<\/div>\n\t\t\t\t<\/div>\n\t\t\t\t<div class=\"elementor-element elementor-element-9794cac elementor-align-center elementor-widget elementor-widget-button\" data-id=\"9794cac\" data-element_type=\"widget\" data-widget_type=\"button.default\">\n\t\t\t\t<div class=\"elementor-widget-container\">\n\t\t\t\t\t<div class=\"elementor-button-wrapper\">\n\t\t\t<a class=\"elementor-button elementor-button-link elementor-size-sm\" href=\"\/ocalsa\/ombues-de-lavalle\">\n\t\t\t\t\t\t<span class=\"elementor-button-content-wrapper\">\n\t\t\t\t\t\t\t\t\t<span class=\"elementor-button-text\">M\u00e1s Info<\/span>\n\t\t\t\t\t<\/span>\n\t\t\t\t\t<\/a>\n\t\t<\/div>\n\t\t\t\t<\/div>\n\t\t\t\t<\/div>\n\t\t\t\t\t<\/div>\n\t\t<\/div>\n\t\t\t\t\t<\/div>\n\t\t<\/section>\n\t\t\t\t<section class=\"elementor-section elementor-top-section elementor-element elementor-element-772fe61 elementor-section-boxed elementor-section-height-default elementor-section-height-default\" data-id=\"772fe61\" data-element_type=\"section\" data-settings=\"{&quot;background_background&quot;:&quot;classic&quot;}\">\n\t\t\t\t\t\t<div class=\"elementor-container elementor-column-gap-default\">\n\t\t\t\t\t<div class=\"elementor-column elementor-col-50 elementor-top-column elementor-element elementor-element-c439476\" data-id=\"c439476\" data-element_type=\"column\">\n\t\t\t<div class=\"elementor-widget-wrap elementor-element-populated\">\n\t\t\t\t\t\t<div class=\"elementor-element elementor-element-8bdc293 animated-slow elementor-invisible elementor-widget elementor-widget-heading\" data-id=\"8bdc293\" data-element_type=\"widget\" data-settings=\"{&quot;_animation&quot;:&quot;fadeIn&quot;}\" data-widget_type=\"heading.default\">\n\t\t\t\t<div class=\"elementor-widget-container\">\n\t\t\t<h2 class=\"elementor-heading-title elementor-size-default\">FRACCIONAMIENTO<\/h2>\t\t<\/div>\n\t\t\t\t<\/div>\n\t\t\t\t<div class=\"elementor-element elementor-element-64243e5 animated-slow elementor-invisible elementor-widget elementor-widget-heading\" data-id=\"64243e5\" data-element_type=\"widget\" data-settings=\"{&quot;_animation&quot;:&quot;fadeIn&quot;}\" data-widget_type=\"heading.default\">\n\t\t\t\t<div class=\"elementor-widget-container\">\n\t\t\t<h2 class=\"elementor-heading-title elementor-size-default\">Colonia Miguelete<\/h2>\t\t<\/div>\n\t\t\t\t<\/div>\n\t\t\t\t<div class=\"elementor-element elementor-element-330237b animated-slow elementor-invisible elementor-widget elementor-widget-heading\" data-id=\"330237b\" data-element_type=\"widget\" data-settings=\"{&quot;_animation&quot;:&quot;fadeIn&quot;}\" data-widget_type=\"heading.default\">\n\t\t\t\t<div class=\"elementor-widget-container\">\n\t\t\t<h2 class=\"elementor-heading-title elementor-size-default\">Terrenos  de m\u00e1s de 400 m2 <br>y 14 metros de frente.<\/h2>\t\t<\/div>\n\t\t\t\t<\/div>\n\t\t\t\t<div class=\"elementor-element elementor-element-5382180 elementor-align-center elementor-widget elementor-widget-button\" data-id=\"5382180\" data-element_type=\"widget\" data-widget_type=\"button.default\">\n\t\t\t\t<div class=\"elementor-widget-container\">\n\t\t\t\t\t<div class=\"elementor-button-wrapper\">\n\t\t\t<a class=\"elementor-button elementor-button-link elementor-size-sm\" href=\"\/ocalsa\/colonia-miguelete\">\n\t\t\t\t\t\t<span class=\"elementor-button-content-wrapper\">\n\t\t\t\t\t\t\t\t\t<span class=\"elementor-button-text\">M\u00e1s Info<\/span>\n\t\t\t\t\t<\/span>\n\t\t\t\t\t<\/a>\n\t\t<\/div>\n\t\t\t\t<\/div>\n\t\t\t\t<\/div>\n\t\t\t\t\t<\/div>\n\t\t<\/div>\n\t\t\t\t<div class=\"elementor-column elementor-col-50 elementor-top-column elementor-element elementor-element-a304082\" data-id=\"a304082\" data-element_type=\"column\">\n\t\t\t<div class=\"elementor-widget-wrap elementor-element-populated\">\n\t\t\t\t\t\t<div class=\"elementor-element elementor-element-d264600 elementor-widget elementor-widget-image\" data-id=\"d264600\" data-element_type=\"widget\" data-widget_type=\"image.default\">\n\t\t\t\t<div class=\"elementor-widget-container\">\n\t\t\t\t\t\t\t\t\t\t\t\t\t<img decoding=\"async\" width=\"800\" height=\"480\" data-src=\"https:\/\/www.ocal.com.uy\/ocalsa\/wp-content\/uploads\/2023\/04\/lejos-miguelete-1024x614.jpg\" class=\"attachment-large size-large wp-image-1902 lazyload\" alt=\"\" data-srcset=\"https:\/\/www.ocal.com.uy\/ocalsa\/wp-content\/uploads\/2023\/04\/lejos-miguelete-1024x614.jpg 1024w, https:\/\/www.ocal.com.uy\/ocalsa\/wp-content\/uploads\/2023\/04\/lejos-miguelete-300x180.jpg 300w, https:\/\/www.ocal.com.uy\/ocalsa\/wp-content\/uploads\/2023\/04\/lejos-miguelete-768x461.jpg 768w, https:\/\/www.ocal.com.uy\/ocalsa\/wp-content\/uploads\/2023\/04\/lejos-miguelete.jpg 1525w\" data-sizes=\"(max-width: 800px) 100vw, 800px\" src=\"data:image\/gif;base64,R0lGODlhAQABAAAAACH5BAEKAAEALAAAAAABAAEAAAICTAEAOw==\" style=\"--smush-placeholder-width: 800px; --smush-placeholder-aspect-ratio: 800\/480;\" \/><noscript><img decoding=\"async\" width=\"800\" height=\"480\" src=\"https:\/\/www.ocal.com.uy\/ocalsa\/wp-content\/uploads\/2023\/04\/lejos-miguelete-1024x614.jpg\" class=\"attachment-large size-large wp-image-1902\" alt=\"\" srcset=\"https:\/\/www.ocal.com.uy\/ocalsa\/wp-content\/uploads\/2023\/04\/lejos-miguelete-1024x614.jpg 1024w, https:\/\/www.ocal.com.uy\/ocalsa\/wp-content\/uploads\/2023\/04\/lejos-miguelete-300x180.jpg 300w, https:\/\/www.ocal.com.uy\/ocalsa\/wp-content\/uploads\/2023\/04\/lejos-miguelete-768x461.jpg 768w, https:\/\/www.ocal.com.uy\/ocalsa\/wp-content\/uploads\/2023\/04\/lejos-miguelete.jpg 1525w\" sizes=\"(max-width: 800px) 100vw, 800px\" \/><\/noscript>\t\t\t\t\t\t\t\t\t\t\t\t\t<\/div>\n\t\t\t\t<\/div>\n\t\t\t\t\t<\/div>\n\t\t<\/div>\n\t\t\t\t\t<\/div>\n\t\t<\/section>\n\t\t\t\t<\/div>\n\t\t","protected":false},"excerpt":{"rendered":"<p>VENTAS Unidades de Dise\u00f1o Exclusivo, Fraccionamientos, Terrenos CONDOMINIO I+O Living Un nuevo concepto: Inside Out Living M\u00e1s Info FRACCIONAMIENTO Omb\u00faes de Lavalle Terrenos de m\u00e1s de 460 m2 y 12 metros de frente. M\u00e1s Info FRACCIONAMIENTO Colonia Miguelete Terrenos de m\u00e1s de 400 m2 y 14 metros de frente. M\u00e1s Info<\/p>\n","protected":false},"author":1,"featured_media":0,"parent":0,"menu_order":0,"comment_status":"closed","ping_status":"closed","template":"","meta":{"_acf_changed":false,"footnotes":""},"acf":[],"_links":{"self":[{"href":"https:\/\/www.ocal.com.uy\/ocalsa\/wp-json\/wp\/v2\/pages\/1832"}],"collection":[{"href":"https:\/\/www.ocal.com.uy\/ocalsa\/wp-json\/wp\/v2\/pages"}],"about":[{"href":"https:\/\/www.ocal.com.uy\/ocalsa\/wp-json\/wp\/v2\/types\/page"}],"author":[{"embeddable":true,"href":"https:\/\/www.ocal.com.uy\/ocalsa\/wp-json\/wp\/v2\/users\/1"}],"replies":[{"embeddable":true,"href":"https:\/\/www.ocal.com.uy\/ocalsa\/wp-json\/wp\/v2\/comments?post=1832"}],"version-history":[{"count":44,"href":"https:\/\/www.ocal.com.uy\/ocalsa\/wp-json\/wp\/v2\/pages\/1832\/revisions"}],"predecessor-version":[{"id":1937,"href":"https:\/\/www.ocal.com.uy\/ocalsa\/wp-json\/wp\/v2\/pages\/1832\/revisions\/1937"}],"wp:attachment":[{"href":"https:\/\/www.ocal.com.uy\/ocalsa\/wp-json\/wp\/v2\/media?parent=1832"}],"curies":[{"name":"wp","href":"https:\/\/api.w.org\/{rel}","templated":true}]}}